common factor of 9 and k?
9
Let f be 9 - 5*(-1 + 0). Calculate the highest common factor of 7 and f.
7
Let k be 9/(-1*(-2 + 1)). Calculate the greatest common divisor of 72 and k.
9
Let u(q) = q**2 + 5*q - 4. Let m be u(-6). Let j be -33*(m/3)/(-1). Calculate the greatest common divisor of j and 33.
11
Suppose -5*z + 6*z - 4 = 0. Suppose 3*h - 2*b = -7 + 32, -3*b + 39 = z*h. Calculate the highest common divisor of 27 and h.
9
Suppose -2*d + 5 - 1 = 0. Suppose -4*a + d + 6 = 0. Suppose -2*l = a*l - 56. What is the greatest common divisor of 14 and l?
14
Let n be (4 - 3)*(-2)/2. Let x be 11*(0 + (n - -8)). Calculate the highest common divisor of x and 7.
7
Let m = -53 + 77. Let b = -9 - -15. What is the highest common divisor of m and b?
6
Let d be 14 + 2/2 + 3. Suppose 2 = -2*b, -4*k + 4*b = -57 - 63. Suppose -5*a = -p - 86, -p = 5*a - 65 - k. What is the greatest common divisor of a and d?
18
Suppose -4*y = -0*y. Let m = 1 + y. Let i be (13/m)/((-2)/(-14)). What is the highest common factor of 13 and i?
13
Let i be (1200/(-35))/(1/(-7)). Suppose -2*p - p + i = 0. Suppose -2*q + 0*q = -40. Calculate the highest common factor of q and p.
20
Let t be (-4)/(-3) - (371/(-3) - -5). What is the greatest common factor of 40 and t?
40
Let z be (-34)/(-3)*(-6)/2. Let f = z + 66. Suppose 2*a - 160 = -0*a. What is the greatest common divisor of a and f?
16
Let w = 197 - 102. What is the greatest common divisor of 19 and w?
19
Suppose 32 = -0*d + 4*d. Calculate the greatest common divisor of 40 and d.
8
Suppose -8*f + 22 = -6*f. What is the greatest common factor of f and 110?
11
Let z be 3*(172/12 + 1). Calculate the greatest common divisor of 69 and z.
23
Suppose 10*g - 120 = 6*g. Let d = 43 - g. Calculate the highest common factor of 13 and d.
13
Let a be 13 + 1*4/(-2). What is the highest common factor of 99 and a?
11
Suppose l - 5*u - 18 - 19 = 0, 207 = 5*l - 3*u. What is the greatest common factor of 42 and l?
42
Suppose t - 9 = 3. Let a be (t/8)/(1/6). Calculate the greatest common factor of 27 and a.
9
Let m(o) = o + 8. Let b be m(-6). Suppose 0*f - b = f. Let x be (0 - -36) + 2/f. What is the greatest common factor of 5 and x?
5
Let j be (-14)/70 - 452/(-10). What is the greatest common factor of j and 90?
45
Let v = -261 - -367. Let x = 42 + v. Suppose -3*j + 104 + x = 0. Calculate the highest common divisor of 12 and j.
12
Let i be (68 - (-1 + 5))*5/2. Calculate the greatest common divisor of 20 and i.
20
Suppose 8 = -u + 107. Let m(r) = -2*r - 11. Let y be m(-11). Calculate the greatest common factor of u and y.
11
Let z(k) = -k**2 - 11*k + 27. Let a be z(-13). What is the highest common factor of 3 and a?
1
Suppose -5*d = 3*n - 87, -5*n + 2*d = -3*n - 42. Calculate the highest common divisor of n and 24.
24
Suppose 3*u - 21 + 81 = 0. Let y = 27 + u. Calculate the greatest common factor of 1 and y.
1
Suppose -31 - 41 = -4*x. Let f = 400 - 274. What is the greatest common divisor of f and x?
18
Let y be (-16)/(2*1/(-12)). Let s be 0 - (-5 + 8) - -15. Calculate the highest common divisor of y and s.
12
Suppose -4*o + 6*o = 52. Let l(g) = -4*g + 7. Let m be l(-6). Let k = m - 18. What is the highest common divisor of k and o?
13
Let l(g) = g**2 + 10*g - 7. Let t be l(-11). Calculate the greatest common divisor of 8 and t.
4
Let p be 72/33 - (-2)/(-11). Suppose -5*r = p - 92. Calculate the greatest common factor of 27 and r.
9
Let r(s) = -2*s + 13*s**2 + 4*s - s. Let f be r(-1). Let b = 25 + -17. What is the greatest common divisor of b and f?
4
Suppose 0*j - 168 = -3*j. What is the greatest common divisor of 7 and j?
7
Suppose 4*z - 5 - 3 = 0. Suppose z*c - 1433 = -353. Suppose c = y + 4*y. What is the highest common divisor of y and 12?
12
Suppose 15 = -0*d - 5*d. Let u be 2 + 5 - (3 + d). Let p be (1 - -1) + -1 + 6. Calculate the greatest common divisor of u and p.
7
Suppose -2*c + c + 152 = 0. Let m = -1 - -4. Suppose 3*p + 76 = 4*z, 5*z - 2*p - 38 = m*z. What is the highest common factor of z and c?
19
Let g = 160 + -144. What is the highest common divisor of g and 2?
2
Suppose -w + 4*z + 11 = 0, w + 0*w + z = -4. Let b be (-1)/w*1*12. Suppose m + 1 = 4, -x - m = -99. Calculate the highest common divisor of b and x.
12
Suppose 11*i + 26 = 13*i. Suppose -3*z + 2*z = -165. Let b = z - 22. Calculate the greatest common divisor of i and b.
13
Suppose 0 = 4*w - 19 - 1. Suppose 0 = w*d - 10*d + 25. Let n be 0 + (-2)/((-2)/2). Calculate the highest common factor of d and n.
1
Suppose 4*p + 0*v - 4*v + 8 = 0, 0 = p - 2*v + 6. Suppose -105 = p*l - 7*l. Let q(x) = -4*x + 42. Let h be q(7). What is the highest common divisor of l and h?
7
Suppose w - 8 = -3*w. Calculate the highest common factor of 16 and w.
2
Let d(z) = -2*z + 10. Let r be d(4). Calculate the highest common divisor of r and 20.
2
Let h = 1 + 1. Suppose h*l - 72 + 20 = 0. What is the highest common factor of l and 13?
13
Suppose t - 3 = 1, 5*w - 4*t + 16 = 0. Suppose 2*k + k - 18 = w. What is the highest common factor of k and 4?
2
Let l(u) = 16*u**2 - 1. Let h be l(-1). What is the greatest common divisor of h and 45?
15
Let z = -5 + 13. Calculate the greatest common factor of 8 and z.
8
Let c(g) = -7*g - 254. Let s be c(-42). Suppose h = -i + 3, 2*h - 7 = -3*i + 7. What is the highest common factor of i and s?
8
Let v(j) = j + 13. Let h be v(-8). Calculate the greatest common divisor of 25 and h.
5
Let a = -94 - -133. What is the highest common factor of a and 13?
13
Let s(t) = 0*t**2 - t + t**2 - 1 + 4 - 5. Let z be s(2). Suppose -k + z + 75 = 0. What is the greatest common divisor of 15 and k?
15
Let o be (-3)/(-1) + 42 + -1. Let r be (-1 - 1) + 1 + 2. Let k be 6 - (r + 2/2). What is the highest common divisor of k and o?
4
Let q be 2/11 - (-240)/11. Let z = -11 + q. Calculate the greatest common divisor of z and 22.
11
Let l be 4/(-10) - (-7)/5. Let o be (3*l/(-1))/(-1). Let n be 0 + (9 - 1) + -2. What is the highest common divisor of o and n?
3
Let x = -4 + 4. Suppose x - 27 = -3*z. Let l be -1 + (2 - -1) + 1. Calculate the greatest common factor of l and z.
3
Let k = -29 + 30. What is the highest common divisor of k and 5?
1
Suppose 4*y + 9 = 5*x - 42, 5*x = -4*y + 19. Suppose 0 = x*k - 3*k. Suppose -v - 2*v + 12 = k. What is the greatest common factor of v and 16?
4
Let x(s) = -s - 2 + 0*s + 10*s + 1. Let m(w) = -w + 5. Let l be m(-6). Let q be x(l). Calculate the highest common factor of q and 14.
14
Let x be ((-3)/(-4))/((-1)/(-4)). Let v be (-4)/((-32)/24) + 6. Calculate the greatest common factor of v and x.
3
Let v be (-4)/((-152)/16078) + 6/(-57). What is the greatest common divisor of 47 and v?
47
Let d(h) = h - 3. Let c be d(7). Let l = -45 - -51. What is the highest common factor of l and c?
2
Let t(y) = y**3 + 8*y**2 + 5*y - 14. Let z be t(-6). Calculate the highest common factor of z and 112.
28
Let i(x) = 5*x**2 - 2*x + 2. Let o be i(2). Suppose 4*y = -2*r + 66, -4*y = -r - r - 78. Calculate the highest common divisor of o and y.
18
Let h(z) = z**2 + 2*z + 4. Let o be h(8). Let n(r) = 7*r - 2. Let c be n(2). Calculate the greatest common divisor of c and o.
12
Let o be ((-2)/6)/(3/(-18)). Suppose -5*r + 57 = 2*g, 2*r + 78 = o*g - 0*r. Let y be 8 + ((-2)/(-2))/1. Calculate the greatest common divisor of y and g.
9
Let a = -9 + 14. Suppose 2*o = 2*s + 2*s - 14, -3*o + 12 = 5*s. Suppose a*x - 240 = s*x. What is the highest common factor of 15 and x?
15
Let a = 273 + -144. Let c = a + 3. What is the greatest common factor of c and 12?
12
Suppose 18 = -8*q + 10*q. Let u = -8 - -5. Let d be 12*u*(-18)/8. What is the greatest common divisor of q and d?
9
Let i(y) = -y**3 + 2*y**2 + 5*y - 3. Let k be i(3). Suppose 40 = k*n + 13. What is the highest common factor of 18 and n?
9
Let n = 67 + 14. Suppose -3*i + 54 = -i. Suppose 4*j + 52 = 4*o, -4*o + i + 1 = 2*j. What is the highest common factor of o and n?
9
Suppose 4*d + 5*g = 27, 4*g = -5*d - 0*g + 36. What is the highest common divisor of d and 8?
8
Suppose -2*m + w = -36, 4*m + 6*w - 3*w - 92 = 0. Let j = m + -12. Calculate the greatest common factor of 8 and j.
8
Suppose 2*c - 62 = 10. Calculate the highest common factor of 18 and c.
18
Suppose -504 = -14*w + 8*w. Calculate the greatest common factor of w and 12.
12
